{"id":76,"date":"2022-01-11T16:31:57","date_gmt":"2022-01-11T16:31:57","guid":{"rendered":"https:\/\/rablallu.webs.upv.es\/pruebas_wordpress\/?page_id=76"},"modified":"2022-01-11T16:57:56","modified_gmt":"2022-01-11T16:57:56","slug":"development-team","status":"publish","type":"page","link":"https:\/\/rablallu.webs.upv.es\/pruebas_wordpress\/index.php\/development-team\/","title":{"rendered":"Development Team"},"content":{"rendered":"\n<figure class=\"wp-block-image size-large\"><img loading=\"lazy\" decoding=\"async\" width=\"1024\" height=\"768\" src=\"https:\/\/rablallu.webs.upv.es\/pruebas_wordpress\/wp-content\/uploads\/2022\/01\/art_crew_3_90-1024x768.jpg\" alt=\"IIE-AT Crew\" class=\"wp-image-75\" srcset=\"https:\/\/rablallu.webs.upv.es\/pruebas_wordpress\/wp-content\/uploads\/2022\/01\/art_crew_3_90-1024x768.jpg 1024w, https:\/\/rablallu.webs.upv.es\/pruebas_wordpress\/wp-content\/uploads\/2022\/01\/art_crew_3_90-300x225.jpg 300w, https:\/\/rablallu.webs.upv.es\/pruebas_wordpress\/wp-content\/uploads\/2022\/01\/art_crew_3_90-768x576.jpg 768w, https:\/\/rablallu.webs.upv.es\/pruebas_wordpress\/wp-content\/uploads\/2022\/01\/art_crew_3_90-1536x1152.jpg 1536w, https:\/\/rablallu.webs.upv.es\/pruebas_wordpress\/wp-content\/uploads\/2022\/01\/art_crew_3_90-1200x900.jpg 1200w, https:\/\/rablallu.webs.upv.es\/pruebas_wordpress\/wp-content\/uploads\/2022\/01\/art_crew_3_90-1980x1485.jpg 1980w, https:\/\/rablallu.webs.upv.es\/pruebas_wordpress\/wp-content\/uploads\/2022\/01\/art_crew_3_90.jpg 2016w\" sizes=\"auto, (max-width: 1024px) 100vw, 1024px\" \/><figcaption><em>IIE &#8211; AT Crew<\/em><\/figcaption><\/figure>\n\n\n\n<ul class=\"wp-block-list\"><li>Numerical Development Team:<ul><li>Dr.-Eng. Jos\u00e9 Miguel Corber\u00e1n.<\/li><li>Dr.-Eng. Jos\u00e9 Gonz\u00e1lvez.<\/li><li>Dr.-Eng. Abdelrahman Hussein Abdelhalim.<\/li><\/ul><\/li><\/ul>\n\n\n\n<p><\/p>\n\n\n\n<ul class=\"wp-block-list\"><li>GUI Development Team:<ul><li>Eng. Rafael Blasco.<\/li><\/ul><\/li><\/ul>\n\n\n\n<p><\/p>\n\n\n\n<ul class=\"wp-block-list\"><li>Laboratory Team:<ul><li>Eng. Alejandro L\u00f3pez.<\/li><li>Dr.-Eng. Francisco Barcel\u00f3.<\/li><\/ul><\/li><\/ul>\n\n\n\n<p><\/p>\n","protected":false},"excerpt":{"rendered":"<p>Numerical Development Team: Dr.-Eng. Jos\u00e9 Miguel Corber\u00e1n. Dr.-Eng. Jos\u00e9 Gonz\u00e1lvez. Dr.-Eng. Abdelrahman Hussein Abdelhalim. GUI Development Team: Eng. Rafael Blasco. Laboratory Team: Eng. Alejandro L\u00f3pez. Dr.-Eng. Francisco Barcel\u00f3.<\/p>\n","protected":false},"author":1,"featured_media":0,"parent":0,"menu_order":0,"comment_status":"closed","ping_status":"closed","template":"","meta":{"footnotes":""},"class_list":["post-76","page","type-page","status-publish","hentry"],"_links":{"self":[{"href":"https:\/\/rablallu.webs.upv.es\/pruebas_wordpress\/index.php\/wp-json\/wp\/v2\/pages\/76","targetHints":{"allow":["GET"]}}],"collection":[{"href":"https:\/\/rablallu.webs.upv.es\/pruebas_wordpress\/index.php\/wp-json\/wp\/v2\/pages"}],"about":[{"href":"https:\/\/rablallu.webs.upv.es\/pruebas_wordpress\/index.php\/wp-json\/wp\/v2\/types\/page"}],"author":[{"embeddable":true,"href":"https:\/\/rablallu.webs.upv.es\/pruebas_wordpress\/index.php\/wp-json\/wp\/v2\/users\/1"}],"replies":[{"embeddable":true,"href":"https:\/\/rablallu.webs.upv.es\/pruebas_wordpress\/index.php\/wp-json\/wp\/v2\/comments?post=76"}],"version-history":[{"count":6,"href":"https:\/\/rablallu.webs.upv.es\/pruebas_wordpress\/index.php\/wp-json\/wp\/v2\/pages\/76\/revisions"}],"predecessor-version":[{"id":84,"href":"https:\/\/rablallu.webs.upv.es\/pruebas_wordpress\/index.php\/wp-json\/wp\/v2\/pages\/76\/revisions\/84"}],"wp:attachment":[{"href":"https:\/\/rablallu.webs.upv.es\/pruebas_wordpress\/index.php\/wp-json\/wp\/v2\/media?parent=76"}],"curies":[{"name":"wp","href":"https:\/\/api.w.org\/{rel}","templated":true}]}}